82
Convert -231137 (base 8) to base 6.
-1403035
What is -14666 (base 9) in base 13?
-4740
15606 (base 11) to base 12
108b8
What is 216431 (base 7) in base 11?
26850
-2703 (base 12) to base 7
-16011
Convert 200a (base 13) to base 11.
3344
What is -121321 (base 4) in base 15?
-757
Convert -421 (base 12) to base 9.
-737
What is 4013 (base 6) in base 11?
724
9002 (base 11) to base 9
17382
What is 12a82 (base 12) in base 3?
1022021222
Convert 14402 (base 6) to base 15.
a3b
What is 54 (base 12) in base 8?
100
Convert 311 (base 8) to base 14.
105
What is -101113 (base 4) in base 14?
-595
-177212 (base 8) to base 7
-360656
What is 296 (base 14) in base 3?
201102
What is 34102 (base 5) in base 9?
3258
86bb (base 14) to base 15
6d7d
What is 1c06 (base 13) in base 2?
1000010000111
-412404 (base 5) to base 16
-34a7
What is -16513 (base 8) in base 2?
-1110101001011
What is 8023 (base 11) in base 4?
2212301
10456 (base 9) to base 8
15430
-26a (base 12) to base 14
-1c6
Convert -6162 (base 16) to base 14.
-912a
-130113 (base 4) to base 11
-1400
Convert -266 (base 9) to base 7.
-435
-9a45 (base 13) to base 14
-7bb2
What is -16648 (base 11) in base 10?
-23405
2405 (base 6) to base 5
4311
-9950 (base 11) to base 2
-11001101000011
What is 515b (base 13) in base 5?
324410
What is -29001 (base 12) in base 10?
-57025
Convert 5500 (base 6) to base 11.
a46
-24032 (base 8) to base 10
-10266
What is 1121210221 (base 3) in base 6?
403511
What is 30442 (base 5) in base 4?
133031
Convert -2202 (base 3) to base 15.
-4e
What is -201042 (base 6) in base 10?
-15794
-1411 (base 11) to base 7
-5220
Convert -5025 (base 9) to base 10.
-3668
4323 (base 7) to base 2
11000000000
What is 404 (base 11) in base 4?
13220
24265 (base 7) to base 5
200234
-44016 (base 7) to base 4
-2223231
What is -2056 (base 7) in base 10?
-727
Convert -2131423 (base 5) to base 12.
-19148
What is -445 (base 8) in base 7?
-566
What is -5708 (base 13) in base 5?
-342201
What is 111111001110 (base 2) in base 11?
3049
What is -44322 (base 5) in base 9?
-4210
Convert -118a4 (base 11) to base 16.
-429e
What is 7a8 (base 13) in base 5?
20241
What is 493 (base 12) in base 7?
2001
742 (base 11) to base 3
1020002
-956 (base 10) to base 6
-4232
What is 623 (base 9) in base 14?
283
Convert -464 (base 10) to base 8.
-720
-3252 (base 8) to base 15
-78b
1167 (base 10) to base 3
1121020
Convert 1131 (base 7) to base 8.
636
Convert -79 (base 15) to base 2.
-1110010
-10110011011 (base 2) to base 8
-2633
What is -3b8 (base 13) in base 8?
-1222
What is 1791 (base 10) in base 2?
11011111111
1106 (base 8) to base 3
210120
What is -222000 (base 3) in base 7?
-2022
Convert -32162 (base 7) to base 10.
-7982
21 (base 14) to base 15
1e
What is 6493 (base 13) in base 6?
144414
Convert -2012012 (base 4) to base 11.
-64a2
Convert -16123 (base 7) to base 2.
-1000110101101
Convert 1000001 (base 3) to base 10.
730
-2130 (base 7) to base 3
-1001000
Convert 13305 (base 8) to base 6.
42553
What is 2504 (base 8) in base 15?
5ed
Convert -305 (base 13) to base 12.
-368
6472 (base 13) to base 12
80a7
-2d02 (base 14) to base 4
-1331212
Convert 36453 (base 7) to base 12.
55b3
-35521 (base 6) to base 7
-21022
What is -1608 (base 11) in base 5?
-31230
-107b (base 13) to base 15
-a34
-1011011101 (base 2) to base 13
-445
-9264 (base 10) to base 11
-6a62
What is -11 (base 2) in base 5?
-3
-320353 (base 6) to base 10
-26061
32424 (base 6) to base 10
4480
20422 (base 5) to base 4
111102
What is -1502 (base 7) in base 6?
-2422
What is 273 (base 9) in base 6?
1020
Convert -3493 (base 14) to base 6.
-110201
-5501 (base 11) to base 15
-2241
What is -2031013 (base 5) in base 2?
-1000000111101010
What is -22032310 (base 4) in base 9?
-63434
Convert -17851 (base 11) to base 2.
-110000110010110
What is -12052 (base 6) in base 13?
-a55
Convert -2232 (base 7) to base 11.
-674
What is 198 (base 15) in base 9?
448
-9425 (base 12) to base 9
-24142
What is 444423 (base 6) in base 2?
1001000110111111
What is -11010101 (base 2) in base 4?
-3111
-1f12 (base 16) to base 8
-17422
Convert -1801 (base 13) to base 7.
-13231
-211 (base 16) to base 14
-29b
Convert 1024120 (base 5) to base 16.
4402
What is -1732 (base 10) in base 5?
-23412
-1556 (base 10) to base 7
-4352
What is -7a9 (base 16) in base 5?
-30321
What is -13112 (base 8) in base 11?
-4318
What is 8825 (base 12) in base 3?
202120202
What is -18d6 (base 16) in base 6?
-45234
Convert -3322 (base 11) to base 7.
-15525
What is 2001112 (base 3) in base 14?
791
What is -8559 (base 11) in base 2?
-10110000110101
Convert 104477 (base 8) to base 13.
12cb9
Convert -47f3 (base 16) to base 3.
-221021012
Convert 726 (base 16) to base 2.
11100100110
-1147 (base 9) to base 3
-1011121
Convert 241 (base 9) to base 6.
531
-1004321 (base 5) to base 3
-211020102
-309 (base 12) to base 2
-110111001
Convert -230a (base 13) to base 8.
-11457
Convert 7768 (base 10) to base 11.
5922
Convert d50 (base 15) to base 6.
21520
-110110010 (base 2) to base 3
-121002
Convert -1002 (base 6) to base 9.
-262
152 (base 7) to base 6
222
-2000130 (base 4) to base 9
-12243
What is -24430 (base 5) in base 13?
-b06
Convert 100111010111 (base 2) to base 10.
2519
110101011011 (base 2) to base 16
d5b
What is 1403 (base 12) in base 7?
6504
1111001110 (base 2) to base 14
4d8
Convert -5345 (base 9) to base 13.
-1a33
Convert -3610 (base 8) to base 4.
-132020
Convert 54004 (base 7) to base 8.
32105
Convert -110332 (base 4) to base 13.
-7c3
Convert 1062 (base 10) to base 8.
2046
What is -10122 (base 9) in base 6?
-50502
Convert -4c5 (base 16) to base 11.
-a10
What is -2313 (base 5) in base 13?
-1c8
What is 131d (base 15) in base 13?
1b19
Convert 101111001110100 (base 2) to base 14.
8b52
What is 354 (base 13) in base 11?
484
What is 13400 (base 5) in base 16?
44c
Convert 1f7c (base 16) to base 9.
12045
-11 (base 7) to base 14
-8
Convert 1036 (base 7) to base 15.
19a
Convert -52c1 (base 13) to base 2.
-10110011011000
330 (base 11) to base 16
18c
What is 110001101110 (base 2) in base 9?
4325
100010000 (base 2) to base 14
156
-102454 (base 6) to base 14
-30b0
-200223 (base 5) to base 13
-2b48
Convert -d3d (base 15) to base 13.
-1486
What is 6041 (base 16) in base 5?
1242031
What is -716 (base 14) in base 3?
-1220120
Convert 79c (base 14) to base 6.
10554
Convert -42522 (base 6) to base 14.
-2190
Convert -111221 (base 4) to base 3.
-1220022
-222313 (base 5) to base 7
-31560
-262a (base 13) to base 4
-1111010
What is -132b (base 15) in base 13?
-1b29
2122 (base 4) to base 3
12201
1103110 (base 4) to base 2
1010011010100
12120102 (base 3) to base 15
130b
What is -225 (base 10) in base 7?
-441
Convert 15cb (base 15) to base 11.
3585
Convert 1011010 (base 3) to base 13.
4c8
Convert -afb (base 16) to base 12.
-1763
What is 12162 (base 14) in base 7?
242552
What is -b45b (base 13) in base 2?
-110000101010111
What is e83 (base 16) in base 13?
18ca
What is 15347 (base 8) in base 12?
3b9b
What is 41101 (base 9) in base 12?
137a7
Convert -da (base 15) to base 16.
-cd
What is db0b (base 16) in base 14?
16615
Convert 3788 (base 10) to base 15.
11c8
-201212201 (base 3) to base 10
-14491
Convert -20202 (base 7) to base 9.
-6646
Convert 2300 (base 4) to base 9.
215
Convert -111230 (base 4) to base 7.
-4022
Convert 3757 (base 15) to base 3.
121011101
What is -1101100 (base 3) in base 4?
-33300
Convert -41 (base 7) to base 6.
-45
What is -335234 (base 6) in base 16?
-6ee6
What is 22321103 (base 4) in base 10?
44627
What is 131242 (base 6) in base 5?
340403
What is 21201202 (base 3) in base 6?
42032
What is -101011011110100 (base 2) in base 9?
-33473
637 (base 13) to base 2
10000100100
Convert 1b26 (base 12) to base 4.
310032
What is -15007 (base 11) in base 10?
-21303
20233131 (base 4) to base 14
d097
Convert 102100102 (base 3) to base 11.
6241
What is 2401 (base 10) in base 3?
10021221
What is 15c (base 13) in base 8?
366
What is 100 (base 12) in base 14?
a4
What is 200112020 (base 3) in base 5?
413011
-21615 (base 8) to base 14
-3461
What is 878 (base 9) in base 3?
222122
Convert 2112 (base 9) to base 7.
4343
Convert 936 (base 16) to base 7.
6606
-5a5 (base 11) to base 6
-3200
What is 5a9 (base 16) in base 10?
1449
1274 (base 15) to base 12
233a
What is 2eb6 (base 15) in base 7?
41